
Let b(c) = -c**3 - 88*c**2 - 707*c + 28. Determine b(-9).
-8
Let v(o) = -164*o - 300. Determine v(1).
-464
Let p(o) = 92*o - 17111. Give p(186).
1
Let s(c) = -c**3 + 4*c**2 - 19*c + 121. What is s(5)?
1
Let g(x) = 2*x**2 - 34*x + 67. Calculate g(12).
-53
Let t(x) = -x**3 + 7*x**2 - 17*x + 48. Give t(8).
-152
Let c(n) = 10*n + 904. Give c(-58).
324
Let c(j) = 28*j**2 - 201*j - 1. Give c(6).
-199
Let o(y) = 2*y**2 - 164*y + 1201. Give o(74).
17
Let p(g) = 3*g**3 - 502*g**2 - 410*g + 12429. What is p(168)?
-3
Let l(y) = -4*y**2 - 124*y + 41. Calculate l(-31).
41
Let x(w) = 42*w - 3. Calculate x(-13).
-549
Let i(n) = 2*n**2 + 62*n - 354. Give i(-36).
6
Let k(z) = 10*z**3 - 62*z**2 + 4*z + 48. Give k(6).
0
Let c(g) = 15*g + 455. What is c(0)?
455
Let c(g) = 14*g**3 + 21*g**2 - 20*g. What is c(1)?
15
Let b(f) = 61*f**2 + 27*f - 29. Determine b(1).
59
Let b(f) = 3*f**3 - 16*f**2 + 10*f - 17. Determine b(5).
8
Let j(i) = 122*i + 47575. Determine j(-390).
-5
Let a(s) = s**3 - 12*s**2 - 35*s - 37. Determine a(14).
-135
Let t(g) = -9*g**3 - 24*g**2 - 4*g - 3. Calculate t(-1).
-14
Let v(p) = p**2 - 16*p - 63. Calculate v(14).
-91
Let o(g) = -137*g**2 - 824*g + 26. What is o(-6)?
38
Let h(i) = 2500*i + 15005. What is h(-6)?
5
Let q(r) = 11*r**2 - 157*r - 112. Determine q(15).
8
Let l(u) = 6*u**3 + 7*u**2 - 3*u - 23. What is l(-2)?
-37
Let r(m) = 18*m - 7. What is r(-17)?
-313
Let x(m) = 50*m**2 - 319*m + 47. What is x(6)?
-67
Let d(p) = -4*p + 132. What is d(11)?
88
Let v(o) = 2*o**3 - 23*o**2 + 24*o - 146. Calculate v(11).
-3
Let g(s) = -2*s**3 + 23*s**2 - 62*s - 19. Give g(6).
5
Let n(r) = r**3 - 31*r**2 - 33*r - 67. What is n(32)?
-99
Let r(k) = 841*k + 20188. Determine r(-24).
4
Let u(r) = 2*r**2 + 27*r + 37. Calculate u(-16).
117
Let n(m) = -m**3 - 82*m**2 + 171*m + 14026. What is n(-82)?
4
Let l(r) = -r**3 - 86*r**2 - 167*r - 122. Determine l(-84).
-206
Let d(y) = -52*y - 7703. Give d(-148).
-7
Let t(b) = b**3 - 56*b**2 + 257*b - 101. What is t(51)?
1
Let j(n) = n**3 + 11*n**2 + 24*n. Determine j(-8).
0
Let p(l) = -l**2 + 32*l + 909. What is p(0)?
909
Let q(l) = -57519*l - 1. Calculate q(0).
-1
Let z(s) = -3*s**2 + 52*s - 234. What is z(9)?
-9
Let s(w) = -3*w**2 - 109*w + 316. Determine s(-39).
4
Let l(w) = -2*w**2 - 18*w + 8. Give l(-9).
8
Let z(a) = -14*a**3 + 4*a**2 - 2*a + 9. Calculate z(2).
-91
Let c(i) = -2*i**3 + 7*i**2 + 79*i - 409. What is c(5)?
-89
Let q(h) = -41*h**2 - 738*h - 24. What is q(-18)?
-24
Let x(g) = g**2 + 53*g + 678. What is x(-20)?
18
Let f(q) = q**3 - 23*q**2 - 33*q - 182. Give f(25).
243
Let a(l) = -l**3 - 12*l**2 + 24*l - 41. Determine a(-14).
15
Let l(f) = -1142*f + 10248. What is l(9)?
-30
Let g(r) = -r**3 - 60*r**2 - 495*r + 465. Calculate g(-11).
-19
Let t(u) = u**3 + 10*u**2 - 118*u - 151. Give t(-17).
-168
Let l(v) = 42*v + 27. What is l(-1)?
-15
Let u(d) = 114*d - 1349. Give u(12).
19
Let w(d) = 1298*d - 9. Calculate w(0).
-9
Let t(h) = 11*h**2 - 41*h - 8. Determine t(-4).
332
Let q(r) = 1589*r + 3184. Calculate q(-2).
6
Let w(t) = t**3 + 30*t**2 + 220*t - 4. Determine w(-12).
-52
Let f(c) = -186*c - 17488. Calculate f(-94).
-4
Let o(t) = -67*t**2 + 65*t + 143. Determine o(-2).
-255
Let n(v) = 3*v**2 - 226*v + 681. Give n(3).
30
Let c(h) = h**3 - 11*h**2 - 186*h - 503. What is c(21)?
1
Let a(u) = -u**2 + 36*u + 669. What is a(-15)?
-96
Let n(p) = -p**3 - 44*p**2 + 45*p - 18. What is n(-45)?
-18
Let y(x) = x**3 + 5*x**2 - 8*x - 13. Determine y(-6).
-1
Let y(d) = d**3 - 38*d**2 - 274*d - 41. Give y(-6).
19
Let f(j) = 11*j**2 - 55*j - 15. Determine f(5).
-15
Let x(q) = 232*q**3 - q**2 + 4*q + 4. Give x(-1).
-233
Let p(r) = 2*r**2 + 1240*r - 8773. Calculate p(7).
5
Let j(m) = 26*m + 259. Give j(-10).
-1
Let a(c) = 2*c**3 - 12*c**2 + 14*c - 11. Determine a(4).
-19
Let g(q) = 299*q + 1342. Calculate g(-7).
-751
Let u(t) = -231*t - 9. Calculate u(0).
-9
Let g(o) = 27*o**2 + 1679*o - 1392. Give g(-63).
-6
Let p(h) = -3*h**2 - 99*h - 526. Calculate p(-5).
-106
Let w(g) = 98*g + 18. Calculate w(-4).
-374
Let u(s) = -30*s + 876. Determine u(29).
6
Let q(h) = 13*h**2 + 1968*h + 767. Calculate q(-151).
12
Let b(h) = -2*h**3 - 147*h**2 + 77*h + 236. Determine b(-74).
14
Let c(f) = 5*f - 173. Determine c(35).
2
Let d(o) = -o**3 + 65*o**2 - 133*o + 449. Determine d(63).
8
Let u(d) = -d**3 + 6*d - 51. Calculate u(-6).
129
Let d(s) = -s**2 - 94*s - 2214. Calculate d(-54).
-54
Let u(q) = 40*q - 866. What is u(22)?
14
Let l(a) = 59*a - 2550. What is l(43)?
-13
Let q(a) = 458*a - 1837. Give q(4).
-5
Let d(v) = -46*v - 109. Calculate d(15).
-799
Let z(h) = -h**3 - 11*h**2 - 42*h - 480. What is z(-11)?
-18
Let g(l) = -l**2 - 6*l + 11. Give g(5).
-44
Let p(m) = m**3 + 21*m**2 - 88*m - 351. What is p(-24)?
33
Let l(y) = y**2 - 109*y + 1341. Calculate l(14).
11
Let i(u) = -u**3 + 10*u**2 - 2*u - 11. Determine i(7).
122
Let i(o) = 10*o**2 + 133*o - 22. Give i(-14).
76
Let u(y) = y**3 + 11*y**2 + 226*y + 4294. Determine u(-15).
4
Let f(o) = -6*o**2 - 74*o - 3. What is f(-11)?
85
Let z(g) = -25*g + 835. Give z(31).
60
Let y(m) = -m**3 + 3*m**2 + 18*m + 6. What is y(-3)?
6
Let u(s) = -s**3 - 49*s**2 + 108*s + 295. What is u(-51)?
-11
Let j(z) = 37*z + 692. Determine j(-19).
-11
Let m(t) = -3*t**2 + 329*t + 3581. Calculate m(-10).
-9
Let d(i) = -15*i**3 - 168*i**2 - 10*i - 10. What is d(-11)?
-263
Let p(n) = -n**3 + 9*n**2 - 3*n + 51. Give p(9).
24
Let g(j) = 27*j - 4573. Give g(170).
17
Let o(r) = r**3 + 66*r**2 - 678*r - 309. Determine o(-75).
-84
Let y(t) = t**2 - 57*t + 262. Determine y(52).
2
Let z(t) = t**2 + 7097*t + 35466. Calculate z(-5).
6
Let x(o) = 1916*o + 9566. What is x(-5)?
-14
Let z(o) = 228*o + 3419. What is z(-15)?
-1
Let l(f) = -f**3 - 5*f**2 + 155*f - 277. What is l(2)?
5
Let d(v) = -279*v - 2784. Give d(-10).
6
Let q(s) = -85*s**2 - 780*s - 139. What is q(-9)?
-4
Let s(l) = 122*l - 7669. Calculate s(62).
-105
Let a(m) = m**3 - 96*m**2 + 283*m - 406. Determine a(93).
-34
Let w(q) = -2*q**3 - 1031*q**2 + 545*q + 14971. Give w(-516).
7
Let x(y) = 5*y**2 + 37*y - 26. Calculate x(-8).
-2
Let f(n) = -131*n**2 - 3*n - 20. Determine f(-2).
-538
Let c(s) = 561*s - 12916. What is c(23)?
-13
Let i(z) = z**3 - 48*z**2 + 284*z + 16. Give i(7).
-5
Let i(a) = -a**2 - 159*a - 2017. Give i(-14).
13
Let h(o) = -46*o - 2145. Calculate h(-47).
17
Let q(y) = y**3 + 35*y**2 + 45*y + 213. Determine q(-34).
-161
Let r(o) = -162*o - 1026. What is r(-5)?
-216
Let i(x) = x**3 + 29*x**2 - 98*x - 75. Determine i(-32).
-11
Let f(v) = v**3 + 15*v**2 - 618*v - 540. Determine f(19).
-8
Let w(t) = -36*t - 386. What is w(-10)?
-26
Let h(v) = v**2 + 5*v + 21. Calculate h(-10).
71
Let i(b) = 9*b**2 + 16*b + 7. Give i(-3).
40
Let j(l) = 194*l**2 + l + 3. Give j(-1).
196
Let i(x) = 79*x - 7205. Determine i(91).
-16
Let g(x) = -20*x + 79. Determine g(9).
-101
Let n(x) = -x**3 + 7*x**2 + 21*x + 13. Calculate n(10).
-77
Let m(r) = 2*r**2 - 32*r + 135. Give m(7).
9
Let d(u) = 41*u**2 + 72*u - 22. What is d(-2)?
-2
Let b(l) = -10*l**3 - 18*l**2 - 107*l + 1. Calculate b(-4).
781
Let l(g) = -g**3 - 73*g**2 - 276*g - 16. Calculate l(-69).
-16
Let r(i) = 208*i - 19340. What is r(93)?
4
Let z(l) = -169*l + 11317. What is z(67)?
-6
Let s(i) = 3*i**2 + 108*i + 90. What is s(-35)?
-15
Let x(a) = -2*a**3 + 13*a**2 - 2*a - 48. Calculate x(7).
-111
Let z(u) = -u**2 + 21*u - 174. Determine z(19).
-136
Let y(h) = -4*h + 74. Give y(14).
18
Let d(a) = -a**2 - 3264*a + 36031. Determine d(11).
6
Let d(v) = -4*v**3 + 6*v**2 + 17*v - 15. Determine d(0).
-15
Let m(f) = -f**3 + 64*f**2 + 87*f + 2971. What is m(66)?
1
Let x(v) = v**3 - 66*v**2 + 128*v - 37. What is x(64)?
-37
Let b(m) = 2*m**2 + 63*m - 1023. What is b(-41)?
-244
Let h(u) = -165*u + 3680. Give h(23).
-115
Let d(a) = -a**3 - 5*a - 351. Determine d(0).
-351
Let w(v) = -v**2 + 30*v + 159. Give w(-6).
-57
Let x(w) = -2*w**3 - 62*w**2 + 52*w - 431. Calculate x(-32).
-47
Let m(c) = 104*c + 4787. What is m(-46)?
3
Let f(n) = 68*n - 455. Determine f(8).
89
Let d(p) = -2*p**2 + 23*p - 7. Calculate d(12).
-19
Let x(m) = 5*m - 78. Calculate x(-7).
-113
Let t(o) = o**3 - 38*o**2 - 125*o + 50. Calculate t(41).
-32
Let n(r) = -r**3 + 17*r**2 - 69*r - 13. Determine n(7).
-6
Let k(f) = f**3 - 45*f**2 - 87*f - 342. Calculate k(47).
-1